
True
Is 5078309 a composite number?
False
Is 405248687 composite?
True
Is 21350001 prime?
False
Is 61540043 prime?
False
Is 44425897 prime?
True
Is 64889411 a prime number?
False
Is 336759959 composite?
False
Is 67961351 prime?
True
Is 7890239 composite?
True
Is 478553123 prime?
False
Is 577597 prime?
False
Is 4566841 a prime number?
True
Is 21153871 prime?
True
Is 475219 composite?
False
Is 65830015 composite?
True
Is 6671611 composite?
True
Is 5555681 prime?
True
Is 12123271 a composite number?
False
Is 11531 a prime number?
False
Is 64618051 composite?
False
Is 2486051 composite?
True
Is 4351223 a prime number?
False
Is 4690903 prime?
False
Is 9310451 a composite number?
False
Is 35412229 a prime number?
False
Is 288799939 a composite number?
False
Is 5556887 composite?
True
Is 17777831 a composite number?
False
Is 461633867 prime?
False
Is 1086035 composite?
True
Is 180605653 a prime number?
False
Is 640729 a composite number?
True
Is 86689349 a prime number?
False
Is 854647 a composite number?
False
Is 175815881 a prime number?
True
Is 8677307 composite?
True
Is 122312039 composite?
False
Is 14179391 a composite number?
True
Is 19389677 prime?
False
Is 4330687 composite?
False
Is 11591611 prime?
True
Is 2045929 a prime number?
True
Is 70192129 a prime number?
False
Is 12763637 a prime number?
True
Is 113086238 prime?
False
Is 146591807 prime?
True
Is 303608783 a prime number?
True
Is 5468537 composite?
True
Is 40767863 a composite number?
True
Is 2677539 composite?
True
Is 6892669 a prime number?
False
Is 132322037 a prime number?
True
Is 1264763 a composite number?
False
Is 28995037 prime?
True
Is 803693869 prime?
False
Is 892249 composite?
False
Is 815179 prime?
False
Is 6159419 a composite number?
True
Is 2632271 a composite number?
False
Is 31491991 composite?
True
Is 1526401 a prime number?
True
Is 1080614191 composite?
True
Is 546817 a composite number?
True
Is 3219221 a composite number?
False
Is 11896085 a prime number?
False
Is 2402579 prime?
True
Is 336893 a prime number?
False
Is 641813 a prime number?
True
Is 100381459 a prime number?
True
Is 5219287 a prime number?
True
Is 3867757 a composite number?
False
Is 8141263 composite?
True
Is 328077751 prime?
True
Is 137475599 a composite number?
False
Is 19317149 a prime number?
False
Is 24820283 a prime number?
True
Is 58598411 a composite number?
True
Is 14029601 prime?
False
Is 2666197 a composite number?
False
Is 56388431 a composite number?
True
Is 63282001 prime?
True
Is 77050969 prime?
False
Is 72841 a prime number?
False
Is 24150407 composite?
True
Is 103048409 composite?
False
Is 6139 composite?
True
Is 40353113 prime?
True
Is 61460635 a composite number?
True
Is 631 a composite number?
False
Is 3222337 a prime number?
True
Is 34895242 a prime number?
False
Is 14447123 a prime number?
True
Is 6531887 a prime number?
True
Is 81772582 composite?
True
Is 258369333 a prime number?
False
Is 212769589 a prime number?
False
Is 1192559 prime?
True
Is 64699627 prime?
True
Is 1191347 prime?
True
Is 8918677 a prime number?
True
Is 7283795 prime?
False
Is 73703999 a prime number?
True
Is 7720711 composite?
True
Is 532387 composite?
True
Is 18680245 a composite number?
True
Is 8537089 a composite number?
True
Is 2176151 a prime number?
True
Is 1356527 a composite number?
True
Is 1530779 a composite number?
False
Is 25566737 composite?
True
Is 60491941 prime?
False
Is 75999743 a composite number?
False
Is 74612591 prime?
True
Is 3868341 composite?
True
Is 13912193 prime?
True
Is 30355073 prime?
False
Is 17975549 prime?
True
Is 2767829 a prime number?
True
Is 4074647 prime?
True
Is 1727171 prime?
False
Is 4562551 a composite number?
True
Is 91576753 a composite number?
True
Is 1028977 a prime number?
False
Is 197444413 a prime number?
False
Is 6881213 composite?
True
Is 28892093 composite?
True
Is 18004589 prime?
False
Is 191603147 prime?
True
Is 32224949 a composite number?
False
Is 7037117 a prime number?
False
Is 207967399 composite?
False
Is 1032502915 a prime number?
False
Is 103884463 composite?
False
Is 1524981 a prime number?
False
Is 222911963 a prime number?
True
Is 4483607 prime?
True
Is 2961499 a composite number?
False
Is 13025401 composite?
False
Is 9991543 prime?
True
Is 195928631 a prime number?
False
Is 5535209 a composite number?
True
Is 18576431 a composite number?
False
Is 13469737 prime?
False
Is 22451669 composite?
False
Is 18059237 a prime number?
False
Is 117109 a composite number?
False
Is 25188991 a prime number?
True
Is 9566561 a prime number?
True
Is 24110807 a composite number?
True
Is 28264013 a prime number?
False
Is 7759061 prime?
False
Is 48970487 composite?
True
Is 60834139 composite?
False
Is 10626557 composite?
True
Is 33567881 a prime number?
True
Is 605695 a prime number?
False
Is 5314762 a composite number?
True
Is 3501917 composite?
False
Is 32836187 prime?
False
Is 379831 a prime number?
False
Is 3605963 a composite number?
True
Is 40164079 prime?
True
Is 77729123 prime?
True
Is 679709 a composite number?
False
Is 7640519 a composite number?
False
Is 274674265 a composite number?
True
Is 76572719 prime?
False
Is 251166961 a composite number?
False
Is 7203769 a prime number?
True
Is 265828141 composite?
False
Is 8439263 a prime number?
False
Is 72182797 composite?
False
Is 104956009 a prime number?
False
Is 34851367 prime?
False
Is 2902591 prime?
True
Is 497683 a composite number?
True
Is 30603563 prime?
True
Is 84318499 a prime number?
True
Is 7209389 a composite number?
True
Is 1467873911 prime?
False
Is 3103609 prime?
False
Is 990439 prime?
False
Is 40862491 a composite number?
False
Is 2246435 a composite number?
True
Is 6308273 prime?
True
Is 4946989 a prime number?
True
Is 916762201 composite?
False
Is 20376409 composite?
True
Is 472051 composite?
False
Is 1805203 a composite number?
False
Is 35252387 composite?
False
Is 19737383 prime?
True
Is 772229 composite?
False
Is 45004667 composite?
True
Is 57422735 a prime number?
False
Is 12227123 a prime number?
False
Is 40906787 a prime number?
True
Is 58448371 composite?
False
Is 6102599 a composite number?
False
Is 2622877 composite?
True
Is 17700493 composite?
False
Is 26847101 a prime number?
False
Is 76178089 a prime number?
False
Is 43200893 composite?
True
Is 79712723 composite?
False
Is 24274579 composite?
True
Is 381656699 prime?
True
Is 213137647 composite?
True
Is 13508009 a composite number?
True
Is 4228531 composite?
False
Is 333181183 prime?
True
Is 26500949 composite?
True
Is 4097183 a composite number?
True
Is 8921953 a composite number?
True
Is 9044621 prime?
False
Is 561161 a prime number?
True
Is 29619793 a prime number?
False
Is 289394977 prime?
False
Is 20774305 prime?
False
Is 3731471 composite?
True
Is 707347 prime?
False
Is 31328333 composite?
False
Is 2557273 a prime number?
True
Is 43258097 composite?
True
Is 982301 composite?
False
Is 94364251 composite?
False
Is 1176767 prime?
True
Is 16213721 a composite number?
True
Is 85820681 composite?
True
Is 8573315 composite?
True
Is 59839831 prime?
False
Is 32794111 composite?
True
Is 94577305 a prime number?
False
Is 377524981 composite?
False
Is 16712323 a prime number?
False
Is 3080503 prime?
True
Is 102307129 prime?
True
Is 534377 composite?
True
Is 36961107 composite?
True
Is 40960909 composite?
True
Is 10057097 a prime number?
True
Is 22315387 prime?
False
Is 10536221 prime?
False
Is 1379423 prime?
True
Is 36019187 a prime number?
False
Is 2161081 a prime number?
False
Is 905315 composite?
True
Is 231068473 composite?
False
Is 7997543 composite?
False
Is 101063773 a composite number?
False
Is 22317773 composite?
False
Is 1113019 composite?
False
Is 22885661 a composite number?
False
Is 189014803 composite?
False
Is 150246001 composite?
False
Is 99021989 composite?
True
Is 2608237 prime?
True
Is 16384607 a composite number?
False
Is 1039127 composite?
False
Is 9816017 a prime number?
False
Is 48069883 a prime number?
False
Is 2537357 a composite number?
True
Is 31938839 a prime number?
False
Is 37564631 a prime number?
False
Is 7581823 a composite number?
False
Is 3780211 a composite number?
True
Is 588438523 composite?
True
Is 2135563 composite?
False
Is 13184243 prime?
True
Is 304961 a prime number?
True
Is 660703 